e (-12)/(4 - 1) + 1323. Suppose 5*c - 414 = -n. Let m = -102 - c. What is the remainder when m is divided by 20?
19
Suppose 4*l = 55 + 9. Suppose 287 = 105*o - 1565 - 668. What is the remainder when o is divided by l?
8
Let n = 8815 + -8787. Let q(o) = o**2 - 5*o + 3. Let m be q(5). Let c = n + m. What is the remainder when c is divided by 12?
7
Let t(f) = f**2 - 14*f - 353. Calculate the remainder when t(-19) is divided by 42.
22
Suppose -5*n + 13*f = -888, -2*n + 393 - 29 = -3*f. Calculate the remainder when 548 is divided by n.
172
Let l = -48 + 91. Suppose 4*a - 18 = -v, -12*v + 10*v - a + l = 0. What is the remainder when 43 is divided by v?
21
Suppose -d - 8 = 0, -13*j = -5*d + 994 - 9354. What is the remainder when j is divided by 88?
24
Let j(h) = 1155*h**2 + 1. Suppose 5*b + 15 = 0, 2*b - 6*b = -2*s + 190. What is the remainder when j(-1) is divided by s?
88
Suppose -1066 = -63*s + 172*s - 3791. What is the remainder when 5037 is divided by s?
12
Let m(w) = -2*w**3 - 6*w**2 - 3*w + 7. Let h = -687 + 667. Calculate the remainder when m(-5) is divided by 15/((-60)/8) - h.
14
Suppose -219*p + 77*p = -2556. Calculate the remainder when 732 is divided by p.
12
Suppose g + 5 = 3*o, -5*g + 51 = -5*o - 14. Suppose 0 = 3*j - 0*j - 75. Suppose -t + j + 15 = 0. Calculate the remainder when t is divided by g.
18
Let m(v) = 18*v - 23 - 6*v + 20*v - v**2. Calculate the remainder when 27 is divided by m(31).
3
Let a(s) = s - 1. Let m be a(3). Suppose 115 = m*z + 2*h + h, 3*h = 5*z - 256. Let p(q) = -3*q**2 + 19*q - 16. What is the remainder when z is divided by p(3)?
11
Let d(z) = -4*z + 51. Let p be d(12). Suppose -3*y - c + 14 = -64, p*y - 66 = 3*c. What is the remainder when y is divided by 19?
6
Suppose 8*a - 11*a = -9*a + 588. Calculate the remainder when 392 is divided by a.
0
Let o = -2127 - -3894. Calculate the remainder when o is divided by 26.
25
Calculate the remainder when 2322 is divided by 178700/1000 - (9/(-21))/((-30)/(-21)).
174
Suppose -20*c = -2641 + 1401. What is the remainder when 5078 is divided by c?
56
Suppose 4*u + 64 - 274 = -5*s, 4*u - 5*s - 190 = 0. Suppose 31*j - 483 = 44. What is the remainder when u is divided by j?
16
Let a be 57/3 + 4 + -1. Suppose 49 = o + 4*z, -a*z = -4*o - 25*z + 196. What is the remainder when 195 is divided by o?
48
Suppose 640 = 5*r - 4*t, -4*t + 281 = 4*r - 267. Suppose -65 = -3*n + 24*p - 20*p, 4*p - 87 = -5*n. What is the remainder when r is divided by n?
18
Let m = 16 + -7. Let u = -297 + 234. Calculate the remainder when (-172)/(-7) + -1 + (-27)/u is divided by m.
6
Calculate the remainder when 33 is divided by -7 + (-5 - 5) + 19.
1
Suppose -2*i + 50*i = 1599 + 1185. Calculate the remainder when 759 is divided by i.
5
Let k = 960 + 1340. What is the remainder when k is divided by 12?
8
Let h = -6651 - -6685. What is the remainder when 2514 is divided by h?
32
Let g be 20/6*(-36)/30. Let k = 7 + g. What is the remainder when (10/24 + 2/8)/((-312)/(-6552)) is divided by k?
2
Suppose 0*z + 6 = 3*z. Suppose z*p = -0 - 6, 114 = 3*l + 2*p. What is the remainder when 79 is divided by l?
39
Suppose 9*b = 37 - 1. Let w(h) = 16*h - 60. What is the remainder when 5 is divided by w(b)?
1
Let r be 6/1 + (-36)/6. Suppose r = -82*z + 75*z + 658. Calculate the remainder when z is divided by 14.
10
Let z = 817 - 815. Suppose -5*y = -z*i - 125, -i - 80 = -5*y + 40. What is the remainder when 131 is divided by y?
16
Suppose -3 = -2*j - 3*n, -8*j = -4*j - 3*n + 21. Let p = 33 + j. Let q(t) = -t + 3. Calculate the remainder when p is divided by q(-5).
6
Suppose n - 359 = u, 321*n - 318*n - 5*u = 1077. Calculate the remainder when 1324 is divided by n.
247
Let u(y) be the third derivative of -1/24*y**4 + 31/6*y**3 - 13*y**2 + 0*y + 0. What is the remainder when u(9) is divided by 12?
10
Let q = 5 + -6. Let p(i) = -4*i - 30. Let f(z) = z + 1. Let v(l) = q*p(l) - 6*f(l). Calculate the remainder when 44 is divided by v(0).
20
Suppose 19*s = s + 4518. Suppose -8*g = -s - 109. What is the remainder when g is divided by 27?
18
Let z(r) = -11*r**2 - 41*r + 46. Let j(k) = -7*k**2 - 27*k + 30. Let t(i) = 8*j(i) - 5*z(i). What is the remainder when t(-6) is divided by 11?
7
Let c be 3*8/72 - (-150)/9. Suppose c*z - 648 = -z. Calculate the remainder when z is divided by 34.
2
Suppose 5*p + 20 = 0, p = 5*x - 45 - 24. Suppose -x*l = -12*l - 228. What is the remainder when l is divided by 46?
44
Let d(b) = 230*b + 297. Suppose 3*c + 14 = 59. What is the remainder when d(3) is divided by c?
12
Suppose -4*i + 10*b - 5*b = 199, i = 4*b - 36. Let r = i + 154. Calculate the remainder when r is divided by 25.
23
Suppose -22 + 16 = -3*r. Let m be ((-2)/(-4)*-9)/(r/12). Let t = m - -40. Calculate the remainder when 62 is divided by t.
10
Suppose -23*a + 22*a + 9 = 0, 8*a = n + 6. What is the remainder when 655 is divided by n?
61
Let x = -23558 + 23573. What is the remainder when 6693 is divided by x?
3
Let d be (-6)/4 + 9/(-6). Let l be 3/d*13 + 1. What is the remainder when 38 is divided by (-5)/30 - 122/l?
8
Suppose 480 - 60 = 7*u. Suppose b + b = -u. Let q = b - -34. Calculate the remainder when 10 is divided by q.
2
Let s be (-51)/(-2) - 9/(-18). Suppose -f - s = -32. Calculate the remainder when 26 is divided by (3 - (-6)/(-9))*f.
12
Suppose 23 - 44 = -3*h + z, 2*h + 38 = -8*z. What is the remainder when 515 is divided by h?
0
Suppose -s + 1439 = 4*o, 2*o - 715 = -4*s - s. What is the remainder when 8/(64/o)*(-4)/(-5) is divided by 25?
11
Let w = 383 - 389. Calculate the remainder when 82 is divided by -2*14/21 - 92/w.
12
Let s(y) = y**2 - 7*y - 4. Let z be s(8). Suppose 6*i = 3*i + 183. Let p = i + z. What is the remainder when p is divided by 23?
19
Suppose -j - 2*y = -138, 22*j - 17*j - 14*y - 690 = 0. What is the remainder when j is divided by ((-6)/(-5))/(3/10)?
2
Let n = -24 + 36. Let b(w) = 13*w - 5. Let i be b(5). Let u = i + -13. Calculate the remainder when u is divided by n.
11
Let n = 556 + -601. Calculate the remainder when 9*((-280)/n + 5) is divided by 36.
29
What is the remainder when (24297/356)/(1 + 1 + (-61)/32) is divided by 38?
6
Suppose 5*f - 84 = -f. Calculate the remainder when f is divided by 384/63 + (360/189 - 2).
2
Suppose 2560 - 7411 = -77*h. Let j be (21/(-14))/((-1)/2). Suppose -3*d = -j*m + 33, m - 11 = -4*d - 0*d. Calculate the remainder when h is divided by m.
8
Suppose 0 = 119*g + 105*g - 18369 - 81087. Calculate the remainder when g is divided by 389.
55
Suppose -2*g - 59 = -3*h, -g = -4*g - 12. Suppose 0 = h*x - 118 - 103. Calculate the remainder when 23 is divided by x.
10
Let a(h) = h**3 - 4*h**2 - h + 0*h**2 + 12 + 10 - 25 + h**2. What is the remainder when a(6) is divided by 59?
40
Let l(o) = o**2 - 7*o + 6. Let u be l(7). Let g be (u/12)/(1/10). Calculate the remainder when 25 is divided by (-21 - g)*(-1)/2.
12
Suppose -12*l + 10*l - 22 = 0. Calculate the remainder when 191 is divided by (1/3)/((22/(-144))/l).
23
Suppose -3*w + 52 + 26 = 2*b, -4*b - w = -136. Suppose 41 = z + 2*f, -z + 5*f + b = -8. Calculate the remainder when z is divided by 18.
5
Let r(n) = 4*n**2 + 304*n - 4614. Calculate the remainder when 2557 is divided by r(16).
9
Let k(n) = 8*n**3 - 2*n**2 - n - 1. Let s = -380 + 382. Suppose s*i = -2*j + 14, -4*j - 2*i + 28 = -6*i. Calculate the remainder when k(2) is divided by j.
4
Let g be (2/2)/((-1)/(-76)). Let n = -70 + g. Calculate the remainder when 28 is divided by n.
4
Suppose 2*m - i - 590 = 0, 2*i + 2*i = -2*m + 570. Calculate the remainder when m is divided by 44.
29
Suppose 18*a - 154 - 260 = 0. Suppose 0 = -a*l + 25*l - 306. What is the remainder when l is divided by 31?
29
Let d = -2458 + 2576. Calculate the remainder when 236 is divided by d.
0
Let u be (-14)/(-3)*(-5 - (3 + -5)). Calculate the remainder when (-154)/(-44)*(-512)/u is divided by 33.
29
Suppose d + 5 = -t + 12, -3*t - 4*d + 17 = 0. Suppose 64 = -t*o + 13*o. What is the remainder when 122 is divided by o?
26
Let o(l) = 42*l**2 + 157*l - 3. What is the remainder when 4300 is divided by o(-4)?
36
Let g(a) = -26*a. Let k be g(1). Let c(o) = 104*o - 31. Let n be c(1). Let t = k + n. What is the remainder when 234 is divided by t?
46
Suppose 113 = -i + 117. Suppose -p + 34 = i*q - 9*q, 4*p + q -